{"version":"1.0","provider_name":"steuerportal.ch","provider_url":"https:\/\/steuerportal.ch\/fr\/","author_name":"Iris Stalder","author_url":"https:\/\/steuerportal.ch\/fr\/autoren\/iris-stalder\/","title":"VAT in the Digital Age in der EU &#8226; steuerportal.ch","type":"rich","width":600,"height":338,"html":"<blockquote class=\"wp-embedded-content\" data-secret=\"awI9OojAR7\"><a href=\"https:\/\/steuerportal.ch\/fr\/articles-specialises\/vat-in-the-digital-age-dans-lue\/\">VAT in the Digital Age in der EU<\/a><\/blockquote><iframe sandbox=\"allow-scripts\" security=\"restricted\" src=\"https:\/\/steuerportal.ch\/fr\/articles-specialises\/vat-in-the-digital-age-dans-lue\/embed\/#?secret=awI9OojAR7\" width=\"600\" height=\"338\" title=\"\u00ab\u00a0VAT in the Digital Age in der EU\u00a0\u00bb &#8212; steuerportal.ch\" data-secret=\"awI9OojAR7\" frameborder=\"0\" marginwidth=\"0\" marginheight=\"0\" scrolling=\"no\" class=\"wp-embedded-content\"><\/iframe><script type=\"text\/javascript\">\n\/* <![CDATA[ *\/\n\/*! This file is auto-generated *\/\n!function(d,l){\"use strict\";l.querySelector&&d.addEventListener&&\"undefined\"!=typeof URL&&(d.wp=d.wp||{},d.wp.receiveEmbedMessage||(d.wp.receiveEmbedMessage=function(e){var t=e.data;if((t||t.secret||t.message||t.value)&&!\/[^a-zA-Z0-9]\/.test(t.secret)){for(var s,r,n,a=l.querySelectorAll('iframe[data-secret=\"'+t.secret+'\"]'),o=l.querySelectorAll('blockquote[data-secret=\"'+t.secret+'\"]'),c=new RegExp(\"^https?:$\",\"i\"),i=0;i<o.length;i++)o[i].style.display=\"none\";for(i=0;i<a.length;i++)s=a[i],e.source===s.contentWindow&&(s.removeAttribute(\"style\"),\"height\"===t.message?(1e3<(r=parseInt(t.value,10))?r=1e3:~~r<200&&(r=200),s.height=r):\"link\"===t.message&&(r=new URL(s.getAttribute(\"src\")),n=new URL(t.value),c.test(n.protocol))&&n.host===r.host&&l.activeElement===s&&(d.top.location.href=t.value))}},d.addEventListener(\"message\",d.wp.receiveEmbedMessage,!1),l.addEventListener(\"DOMContentLoaded\",function(){for(var e,t,s=l.querySelectorAll(\"iframe.wp-embedded-content\"),r=0;r<s.length;r++)(t=(e=s[r]).getAttribute(\"data-secret\"))||(t=Math.random().toString(36).substring(2,12),e.src+=\"#?secret=\"+t,e.setAttribute(\"data-secret\",t)),e.contentWindow.postMessage({message:\"ready\",secret:t},\"*\")},!1)))}(window,document);\n\/\/# sourceURL=https:\/\/steuerportal.ch\/wp-includes\/js\/wp-embed.min.js\n\/* ]]> *\/\n<\/script>\n","description":"La Commission europ\u00e9enne a publi\u00e9 en d\u00e9cembre 2022 un projet de directive visant \u00e0 adapter le syst\u00e8me de TVA \u00e0 l'\u00e8re num\u00e9rique. Dans son article, Atanas Mateev fait le tour de ce projet avec le mod\u00e8le pr\u00e9vu \u00e0 \"trois piliers\"."}

La Commission européenne a publié en décembre 2022 un projet de directive visant à adapter le système de TVA à l'ère numérique. Dans son article, Atanas Mateev fait le tour de ce projet avec le modèle prévu à "trois piliers".
