{"version":"1.0","provider_name":"steuerportal.ch","provider_url":"https:\/\/steuerportal.ch\/fr\/","author_name":"Yuki Lehmann","author_url":"https:\/\/steuerportal.ch\/fr\/autoren\/yuki-lehmann\/","title":"R\u00e9forme de l\u2019imp\u00f4t anticip\u00e9: questions ouvertes &#8226; steuerportal.ch","type":"rich","width":600,"height":338,"html":"<blockquote class=\"wp-embedded-content\" data-secret=\"bQo2rg38Ch\"><a href=\"https:\/\/steuerportal.ch\/fr\/articles-specialises\/reforme-de-limpot-anticipe-questions-ouvertes\/\">R\u00e9forme de l\u2019imp\u00f4t anticip\u00e9: questions ouvertes<\/a><\/blockquote><iframe sandbox=\"allow-scripts\" security=\"restricted\" src=\"https:\/\/steuerportal.ch\/fr\/articles-specialises\/reforme-de-limpot-anticipe-questions-ouvertes\/embed\/#?secret=bQo2rg38Ch\" width=\"600\" height=\"338\" title=\"\u00ab\u00a0R\u00e9forme de l\u2019imp\u00f4t anticip\u00e9: questions ouvertes\u00a0\u00bb &#8212; steuerportal.ch\" data-secret=\"bQo2rg38Ch\" frameborder=\"0\" marginwidth=\"0\" marginheight=\"0\" scrolling=\"no\" class=\"wp-embedded-content\"><\/iframe><script type=\"text\/javascript\">\n\/* <![CDATA[ *\/\n\/*! This file is auto-generated *\/\n!function(d,l){\"use strict\";l.querySelector&&d.addEventListener&&\"undefined\"!=typeof URL&&(d.wp=d.wp||{},d.wp.receiveEmbedMessage||(d.wp.receiveEmbedMessage=function(e){var t=e.data;if((t||t.secret||t.message||t.value)&&!\/[^a-zA-Z0-9]\/.test(t.secret)){for(var s,r,n,a=l.querySelectorAll('iframe[data-secret=\"'+t.secret+'\"]'),o=l.querySelectorAll('blockquote[data-secret=\"'+t.secret+'\"]'),c=new RegExp(\"^https?:$\",\"i\"),i=0;i<o.length;i++)o[i].style.display=\"none\";for(i=0;i<a.length;i++)s=a[i],e.source===s.contentWindow&&(s.removeAttribute(\"style\"),\"height\"===t.message?(1e3<(r=parseInt(t.value,10))?r=1e3:~~r<200&&(r=200),s.height=r):\"link\"===t.message&&(r=new URL(s.getAttribute(\"src\")),n=new URL(t.value),c.test(n.protocol))&&n.host===r.host&&l.activeElement===s&&(d.top.location.href=t.value))}},d.addEventListener(\"message\",d.wp.receiveEmbedMessage,!1),l.addEventListener(\"DOMContentLoaded\",function(){for(var e,t,s=l.querySelectorAll(\"iframe.wp-embedded-content\"),r=0;r<s.length;r++)(t=(e=s[r]).getAttribute(\"data-secret\"))||(t=Math.random().toString(36).substring(2,12),e.src+=\"#?secret=\"+t,e.setAttribute(\"data-secret\",t)),e.contentWindow.postMessage({message:\"ready\",secret:t},\"*\")},!1)))}(window,document);\n\/\/# sourceURL=https:\/\/steuerportal.ch\/wp-includes\/js\/wp-embed.min.js\n\/* ]]> *\/\n<\/script>\n","description":"Nul ne conteste la n\u00e9cessit\u00e9 de r\u00e9former l\u2019imp\u00f4t anticip\u00e9 (ci-apr\u00e8s IA), un imp\u00f4t d\u00e9sormais inadapt\u00e9 et m\u00eame un brin archa\u00efque dans le contexte international du moment. Les deux principaux objectifs assign\u00e9s \u00e0 cette r\u00e9forme \u2013 \u00e9largir et dynamiser le march\u00e9 obligataire domestique, renforcer la fonction de garantie de recouvrement de l\u2019IA \u2013, ne sont pas davantage contestables, un changement plus radical de paradigme n\u2019\u00e9tant pas \u00e0 l\u2019ordre du jour de l\u2019agenda politique 2015."}

Réforme de l’impôt anticipé: questions ouvertes &#8226; steuerportal.ch

<blockquote class="wp-embedded-content" data-secret="bQo2rg38Ch"><a href="https://steuerportal.ch/fr/articles-specialises/reforme-de-limpot-anticipe-questions-ouvertes/">Réforme de l’impôt anticipé: questions ouvertes</a></blockquote><iframe sandbox="allow-scripts" security="restricted" src="https://steuerportal.ch/fr/articles-specialises/reforme-de-limpot-anticipe-questions-ouvertes/embed/#?secret=bQo2rg38Ch" width="600" height="338" title="« Réforme de l’impôt anticipé: questions ouvertes » &#8212; steuerportal.ch" data-secret="bQo2rg38Ch" frameborder="0" marginwidth="0" marginheight="0" scrolling="no" class="wp-embedded-content"></iframe><script type="text/javascript">
/* <![CDATA[ */
/*! This file is auto-generated */
!function(d,l){"use strict";l.querySelector&&d.addEventListener&&"undefined"!=typeof URL&&(d.wp=d.wp||{},d.wp.receiveEmbedMessage||(d.wp.receiveEmbedMessage=function(e){var t=e.data;if((t||t.secret||t.message||t.value)&&!/[^a-zA-Z0-9]/.test(t.secret)){for(var s,r,n,a=l.querySelectorAll('iframe[data-secret="'+t.secret+'"]'),o=l.querySelectorAll('blockquote[data-secret="'+t.secret+'"]'),c=new RegExp("^https?:$","i"),i=0;i<o.length;i++)o[i].style.display="none";for(i=0;i<a.length;i++)s=a[i],e.source===s.contentWindow&&(s.removeAttribute("style"),"height"===t.message?(1e3<(r=parseInt(t.value,10))?r=1e3:~~r<200&&(r=200),s.height=r):"link"===t.message&&(r=new URL(s.getAttribute("src")),n=new URL(t.value),c.test(n.protocol))&&n.host===r.host&&l.activeElement===s&&(d.top.location.href=t.value))}},d.addEventListener("message",d.wp.receiveEmbedMessage,!1),l.addEventListener("DOMContentLoaded",function(){for(var e,t,s=l.querySelectorAll("iframe.wp-embedded-content"),r=0;r<s.length;r++)(t=(e=s[r]).getAttribute("data-secret"))||(t=Math.random().toString(36).substring(2,12),e.src+="#?secret="+t,e.setAttribute("data-secret",t)),e.contentWindow.postMessage({message:"ready",secret:t},"*")},!1)))}(window,document);
//# sourceURL=https://steuerportal.ch/wp-includes/js/wp-embed.min.js
/* ]]> */
</script>

Nul ne conteste la nécessité de réformer l’impôt anticipé (ci-après IA), un impôt désormais inadapté et même un brin archaïque dans le contexte international du moment. Les deux principaux objectifs assignés à cette réforme – élargir et dynamiser le marché obligataire domestique, renforcer la fonction de garantie de recouvrement de l’IA –, ne sont pas davantage contestables, un changement plus radical de paradigme n’étant pas à l’ordre du jour de l’agenda politique 2015.
