{"version":"1.0","provider_name":"steuerportal.ch","provider_url":"https:\/\/steuerportal.ch\/fr\/","author_name":"Iris Stalder","author_url":"https:\/\/steuerportal.ch\/fr\/autoren\/iris-stalder\/","title":"Nouvelle r\u00e9glementation des frais professionnels &#8226; steuerportal.ch","type":"rich","width":600,"height":338,"html":"<blockquote class=\"wp-embedded-content\" data-secret=\"LcMaUj8QxT\"><a href=\"https:\/\/steuerportal.ch\/fr\/articles-specialises\/nouvelle-reglementation-des-frais-professionnels\/\">Nouvelle r\u00e9glementation des frais professionnels<\/a><\/blockquote><iframe sandbox=\"allow-scripts\" security=\"restricted\" src=\"https:\/\/steuerportal.ch\/fr\/articles-specialises\/nouvelle-reglementation-des-frais-professionnels\/embed\/#?secret=LcMaUj8QxT\" width=\"600\" height=\"338\" title=\"\u00ab\u00a0Nouvelle r\u00e9glementation des frais professionnels\u00a0\u00bb &#8212; steuerportal.ch\" data-secret=\"LcMaUj8QxT\" frameborder=\"0\" marginwidth=\"0\" marginheight=\"0\" scrolling=\"no\" class=\"wp-embedded-content\"><\/iframe><script type=\"text\/javascript\">\n\/* <![CDATA[ *\/\n\/*! This file is auto-generated *\/\n!function(d,l){\"use strict\";l.querySelector&&d.addEventListener&&\"undefined\"!=typeof URL&&(d.wp=d.wp||{},d.wp.receiveEmbedMessage||(d.wp.receiveEmbedMessage=function(e){var t=e.data;if((t||t.secret||t.message||t.value)&&!\/[^a-zA-Z0-9]\/.test(t.secret)){for(var s,r,n,a=l.querySelectorAll('iframe[data-secret=\"'+t.secret+'\"]'),o=l.querySelectorAll('blockquote[data-secret=\"'+t.secret+'\"]'),c=new RegExp(\"^https?:$\",\"i\"),i=0;i<o.length;i++)o[i].style.display=\"none\";for(i=0;i<a.length;i++)s=a[i],e.source===s.contentWindow&&(s.removeAttribute(\"style\"),\"height\"===t.message?(1e3<(r=parseInt(t.value,10))?r=1e3:~~r<200&&(r=200),s.height=r):\"link\"===t.message&&(r=new URL(s.getAttribute(\"src\")),n=new URL(t.value),c.test(n.protocol))&&n.host===r.host&&l.activeElement===s&&(d.top.location.href=t.value))}},d.addEventListener(\"message\",d.wp.receiveEmbedMessage,!1),l.addEventListener(\"DOMContentLoaded\",function(){for(var e,t,s=l.querySelectorAll(\"iframe.wp-embedded-content\"),r=0;r<s.length;r++)(t=(e=s[r]).getAttribute(\"data-secret\"))||(t=Math.random().toString(36).substring(2,12),e.src+=\"#?secret=\"+t,e.setAttribute(\"data-secret\",t)),e.contentWindow.postMessage({message:\"ready\",secret:t},\"*\")},!1)))}(window,document);\n\/\/# sourceURL=https:\/\/steuerportal.ch\/wp-includes\/js\/wp-embed.min.js\n\/* ]]> *\/\n<\/script>\n","description":"A l\u2019avenir, les personnes exer\u00e7ant une activit\u00e9 lucrative d\u00e9pendante pourront choisir de faire valoir leurs frais professionnels de mani\u00e8re forfaitaire ou effective. Sirgit Meier et Jennifer Herren analysent le projet qui est en consultation jusqu'au 4 avril."}

Nouvelle réglementation des frais professionnels &#8226; steuerportal.ch

<blockquote class="wp-embedded-content" data-secret="LcMaUj8QxT"><a href="https://steuerportal.ch/fr/articles-specialises/nouvelle-reglementation-des-frais-professionnels/">Nouvelle réglementation des frais professionnels</a></blockquote><iframe sandbox="allow-scripts" security="restricted" src="https://steuerportal.ch/fr/articles-specialises/nouvelle-reglementation-des-frais-professionnels/embed/#?secret=LcMaUj8QxT" width="600" height="338" title="« Nouvelle réglementation des frais professionnels » &#8212; steuerportal.ch" data-secret="LcMaUj8QxT" frameborder="0" marginwidth="0" marginheight="0" scrolling="no" class="wp-embedded-content"></iframe><script type="text/javascript">
/* <![CDATA[ */
/*! This file is auto-generated */
!function(d,l){"use strict";l.querySelector&&d.addEventListener&&"undefined"!=typeof URL&&(d.wp=d.wp||{},d.wp.receiveEmbedMessage||(d.wp.receiveEmbedMessage=function(e){var t=e.data;if((t||t.secret||t.message||t.value)&&!/[^a-zA-Z0-9]/.test(t.secret)){for(var s,r,n,a=l.querySelectorAll('iframe[data-secret="'+t.secret+'"]'),o=l.querySelectorAll('blockquote[data-secret="'+t.secret+'"]'),c=new RegExp("^https?:$","i"),i=0;i<o.length;i++)o[i].style.display="none";for(i=0;i<a.length;i++)s=a[i],e.source===s.contentWindow&&(s.removeAttribute("style"),"height"===t.message?(1e3<(r=parseInt(t.value,10))?r=1e3:~~r<200&&(r=200),s.height=r):"link"===t.message&&(r=new URL(s.getAttribute("src")),n=new URL(t.value),c.test(n.protocol))&&n.host===r.host&&l.activeElement===s&&(d.top.location.href=t.value))}},d.addEventListener("message",d.wp.receiveEmbedMessage,!1),l.addEventListener("DOMContentLoaded",function(){for(var e,t,s=l.querySelectorAll("iframe.wp-embedded-content"),r=0;r<s.length;r++)(t=(e=s[r]).getAttribute("data-secret"))||(t=Math.random().toString(36).substring(2,12),e.src+="#?secret="+t,e.setAttribute("data-secret",t)),e.contentWindow.postMessage({message:"ready",secret:t},"*")},!1)))}(window,document);
//# sourceURL=https://steuerportal.ch/wp-includes/js/wp-embed.min.js
/* ]]> */
</script>

A l’avenir, les personnes exerçant une activité lucrative dépendante pourront choisir de faire valoir leurs frais professionnels de manière forfaitaire ou effective. Sirgit Meier et Jennifer Herren analysent le projet qui est en consultation jusqu'au 4 avril.
