{"version":"1.0","provider_name":"steuerportal.ch","provider_url":"https:\/\/steuerportal.ch\/fr\/","author_name":"Iris Stalder","author_url":"https:\/\/steuerportal.ch\/fr\/autoren\/iris-stalder\/","title":"D\u00e9part \u00e0 la retraite progressif &#8226; steuerportal.ch","type":"rich","width":600,"height":338,"html":"<blockquote class=\"wp-embedded-content\" data-secret=\"sfI7U038io\"><a href=\"https:\/\/steuerportal.ch\/fr\/articles-specialises\/depart-a-la-retraite-progressif\/\">D\u00e9part \u00e0  la retraite progressif<\/a><\/blockquote><iframe sandbox=\"allow-scripts\" security=\"restricted\" src=\"https:\/\/steuerportal.ch\/fr\/articles-specialises\/depart-a-la-retraite-progressif\/embed\/#?secret=sfI7U038io\" width=\"600\" height=\"338\" title=\"\u00ab\u00a0D\u00e9part \u00e0  la retraite progressif\u00a0\u00bb &#8212; steuerportal.ch\" data-secret=\"sfI7U038io\" frameborder=\"0\" marginwidth=\"0\" marginheight=\"0\" scrolling=\"no\" class=\"wp-embedded-content\"><\/iframe><script type=\"text\/javascript\">\n\/* <![CDATA[ *\/\n\/*! This file is auto-generated *\/\n!function(d,l){\"use strict\";l.querySelector&&d.addEventListener&&\"undefined\"!=typeof URL&&(d.wp=d.wp||{},d.wp.receiveEmbedMessage||(d.wp.receiveEmbedMessage=function(e){var t=e.data;if((t||t.secret||t.message||t.value)&&!\/[^a-zA-Z0-9]\/.test(t.secret)){for(var s,r,n,a=l.querySelectorAll('iframe[data-secret=\"'+t.secret+'\"]'),o=l.querySelectorAll('blockquote[data-secret=\"'+t.secret+'\"]'),c=new RegExp(\"^https?:$\",\"i\"),i=0;i<o.length;i++)o[i].style.display=\"none\";for(i=0;i<a.length;i++)s=a[i],e.source===s.contentWindow&&(s.removeAttribute(\"style\"),\"height\"===t.message?(1e3<(r=parseInt(t.value,10))?r=1e3:~~r<200&&(r=200),s.height=r):\"link\"===t.message&&(r=new URL(s.getAttribute(\"src\")),n=new URL(t.value),c.test(n.protocol))&&n.host===r.host&&l.activeElement===s&&(d.top.location.href=t.value))}},d.addEventListener(\"message\",d.wp.receiveEmbedMessage,!1),l.addEventListener(\"DOMContentLoaded\",function(){for(var e,t,s=l.querySelectorAll(\"iframe.wp-embedded-content\"),r=0;r<s.length;r++)(t=(e=s[r]).getAttribute(\"data-secret\"))||(t=Math.random().toString(36).substring(2,12),e.src+=\"#?secret=\"+t,e.setAttribute(\"data-secret\",t)),e.contentWindow.postMessage({message:\"ready\",secret:t},\"*\")},!1)))}(window,document);\n\/\/# sourceURL=https:\/\/steuerportal.ch\/wp-includes\/js\/wp-embed.min.js\n\/* ]]> *\/\n<\/script>\n","description":"Dans le cas d'une retraite progressive, la cessation de l'activit\u00e9 professionnelle ne se fait pas en une seule fois, mais en plusieurs \"\u00e9tapes\" \u00e0 des moments diff\u00e9rents. Par rapport au paquet l\u00e9gislatif \"Pr\u00e9voyance vieillesse 2020\", le l\u00e9gislateur a apport\u00e9 des am\u00e9liorations significatives avec le projet AVS 21. Peter Lang explique les dispositions du droit de la pr\u00e9voyance et leurs effets sur le droit fiscal et sonde le besoin d'adaptation par rapport \u00e0 la pratique actuelle du droit fiscal.","thumbnail_url":"https:\/\/steuerportal.ch\/wp-content\/uploads\/2022\/08\/image-700x423.png"}

Départ à la retraite progressif &#8226; steuerportal.ch

<blockquote class="wp-embedded-content" data-secret="sfI7U038io"><a href="https://steuerportal.ch/fr/articles-specialises/depart-a-la-retraite-progressif/">Départ à  la retraite progressif</a></blockquote><iframe sandbox="allow-scripts" security="restricted" src="https://steuerportal.ch/fr/articles-specialises/depart-a-la-retraite-progressif/embed/#?secret=sfI7U038io" width="600" height="338" title="« Départ à  la retraite progressif » &#8212; steuerportal.ch" data-secret="sfI7U038io" frameborder="0" marginwidth="0" marginheight="0" scrolling="no" class="wp-embedded-content"></iframe><script type="text/javascript">
/* <![CDATA[ */
/*! This file is auto-generated */
!function(d,l){"use strict";l.querySelector&&d.addEventListener&&"undefined"!=typeof URL&&(d.wp=d.wp||{},d.wp.receiveEmbedMessage||(d.wp.receiveEmbedMessage=function(e){var t=e.data;if((t||t.secret||t.message||t.value)&&!/[^a-zA-Z0-9]/.test(t.secret)){for(var s,r,n,a=l.querySelectorAll('iframe[data-secret="'+t.secret+'"]'),o=l.querySelectorAll('blockquote[data-secret="'+t.secret+'"]'),c=new RegExp("^https?:$","i"),i=0;i<o.length;i++)o[i].style.display="none";for(i=0;i<a.length;i++)s=a[i],e.source===s.contentWindow&&(s.removeAttribute("style"),"height"===t.message?(1e3<(r=parseInt(t.value,10))?r=1e3:~~r<200&&(r=200),s.height=r):"link"===t.message&&(r=new URL(s.getAttribute("src")),n=new URL(t.value),c.test(n.protocol))&&n.host===r.host&&l.activeElement===s&&(d.top.location.href=t.value))}},d.addEventListener("message",d.wp.receiveEmbedMessage,!1),l.addEventListener("DOMContentLoaded",function(){for(var e,t,s=l.querySelectorAll("iframe.wp-embedded-content"),r=0;r<s.length;r++)(t=(e=s[r]).getAttribute("data-secret"))||(t=Math.random().toString(36).substring(2,12),e.src+="#?secret="+t,e.setAttribute("data-secret",t)),e.contentWindow.postMessage({message:"ready",secret:t},"*")},!1)))}(window,document);
//# sourceURL=https://steuerportal.ch/wp-includes/js/wp-embed.min.js
/* ]]> */
</script>

Dans le cas d'une retraite progressive, la cessation de l'activité professionnelle ne se fait pas en une seule fois, mais en plusieurs "étapes" à des moments différents. Par rapport au paquet législatif "Prévoyance vieillesse 2020", le législateur a apporté des améliorations significatives avec le projet AVS 21. Peter Lang explique les dispositions du droit de la prévoyance et leurs effets sur le droit fiscal et sonde le besoin d'adaptation par rapport à la pratique actuelle du droit fiscal.
