{"version":"1.0","provider_name":"steuerportal.ch","provider_url":"https:\/\/steuerportal.ch\/fr\/","author_name":"Iris Stalder","author_url":"https:\/\/steuerportal.ch\/fr\/autoren\/iris-stalder\/","title":"Blickpunkt Bundesbern 5-2021 &#8226; steuerportal.ch","type":"rich","width":600,"height":338,"html":"<blockquote class=\"wp-embedded-content\" data-secret=\"sjLI88tgvO\"><a href=\"https:\/\/steuerportal.ch\/fr\/articles-specialises\/blickpunkt-bundesbern-5-2021\/\">Blickpunkt Bundesbern 5-2021<\/a><\/blockquote><iframe sandbox=\"allow-scripts\" security=\"restricted\" src=\"https:\/\/steuerportal.ch\/fr\/articles-specialises\/blickpunkt-bundesbern-5-2021\/embed\/#?secret=sjLI88tgvO\" width=\"600\" height=\"338\" title=\"\u00ab\u00a0Blickpunkt Bundesbern 5-2021\u00a0\u00bb &#8212; steuerportal.ch\" data-secret=\"sjLI88tgvO\" frameborder=\"0\" marginwidth=\"0\" marginheight=\"0\" scrolling=\"no\" class=\"wp-embedded-content\"><\/iframe><script type=\"text\/javascript\">\n\/* <![CDATA[ *\/\n\/*! This file is auto-generated *\/\n!function(d,l){\"use strict\";l.querySelector&&d.addEventListener&&\"undefined\"!=typeof URL&&(d.wp=d.wp||{},d.wp.receiveEmbedMessage||(d.wp.receiveEmbedMessage=function(e){var t=e.data;if((t||t.secret||t.message||t.value)&&!\/[^a-zA-Z0-9]\/.test(t.secret)){for(var s,r,n,a=l.querySelectorAll('iframe[data-secret=\"'+t.secret+'\"]'),o=l.querySelectorAll('blockquote[data-secret=\"'+t.secret+'\"]'),c=new RegExp(\"^https?:$\",\"i\"),i=0;i<o.length;i++)o[i].style.display=\"none\";for(i=0;i<a.length;i++)s=a[i],e.source===s.contentWindow&&(s.removeAttribute(\"style\"),\"height\"===t.message?(1e3<(r=parseInt(t.value,10))?r=1e3:~~r<200&&(r=200),s.height=r):\"link\"===t.message&&(r=new URL(s.getAttribute(\"src\")),n=new URL(t.value),c.test(n.protocol))&&n.host===r.host&&l.activeElement===s&&(d.top.location.href=t.value))}},d.addEventListener(\"message\",d.wp.receiveEmbedMessage,!1),l.addEventListener(\"DOMContentLoaded\",function(){for(var e,t,s=l.querySelectorAll(\"iframe.wp-embedded-content\"),r=0;r<s.length;r++)(t=(e=s[r]).getAttribute(\"data-secret\"))||(t=Math.random().toString(36).substring(2,12),e.src+=\"#?secret=\"+t,e.setAttribute(\"data-secret\",t)),e.contentWindow.postMessage({message:\"ready\",secret:t},\"*\")},!1)))}(window,document);\n\/\/# sourceURL=https:\/\/steuerportal.ch\/wp-includes\/js\/wp-embed.min.js\n\/* ]]> *\/\n<\/script>\n","description":"Herbstsession 2021 der eidgen\u00f6ssischen R\u00e4te: Die eidgen\u00f6ssischen R\u00e4te beschliessen die Erh\u00f6hung des Abzugs f\u00fcr Kinderbetreuungskosten. Der Nationalrat stimmt der Reform der Verrechnungssteuer zu, der St\u00e4nderat will den Eigenmietwert abschaffen. Der Vorstoss f\u00fcr einen Einheitssatz bei der Mehrwertsteuer scheitert fr\u00fchzeitig."}

Herbstsession 2021 der eidgenössischen Räte: Die eidgenössischen Räte beschliessen die Erhöhung des Abzugs für Kinderbetreuungskosten. Der Nationalrat stimmt der Reform der Verrechnungssteuer zu, der Ständerat will den Eigenmietwert abschaffen. Der Vorstoss für einen Einheitssatz bei der Mehrwertsteuer scheitert frühzeitig.
