{"version":"1.0","provider_name":"steuerportal.ch","provider_url":"https:\/\/steuerportal.ch\/fr\/","author_name":"Iris Stalder","author_url":"https:\/\/steuerportal.ch\/fr\/autoren\/iris-stalder\/","title":"Aktuelles von der Verrechnungssteuer &#8226; steuerportal.ch","type":"rich","width":600,"height":338,"html":"<blockquote class=\"wp-embedded-content\" data-secret=\"4B61OJiFjO\"><a href=\"https:\/\/steuerportal.ch\/fr\/articles-specialises\/aktuelles-von-der-verrechnungssteuer\/\">Aktuelles von der Verrechnungssteuer<\/a><\/blockquote><iframe sandbox=\"allow-scripts\" security=\"restricted\" src=\"https:\/\/steuerportal.ch\/fr\/articles-specialises\/aktuelles-von-der-verrechnungssteuer\/embed\/#?secret=4B61OJiFjO\" width=\"600\" height=\"338\" title=\"\u00ab\u00a0Aktuelles von der Verrechnungssteuer\u00a0\u00bb &#8212; steuerportal.ch\" data-secret=\"4B61OJiFjO\" frameborder=\"0\" marginwidth=\"0\" marginheight=\"0\" scrolling=\"no\" class=\"wp-embedded-content\"><\/iframe><script type=\"text\/javascript\">\n\/* <![CDATA[ *\/\n\/*! This file is auto-generated *\/\n!function(d,l){\"use strict\";l.querySelector&&d.addEventListener&&\"undefined\"!=typeof URL&&(d.wp=d.wp||{},d.wp.receiveEmbedMessage||(d.wp.receiveEmbedMessage=function(e){var t=e.data;if((t||t.secret||t.message||t.value)&&!\/[^a-zA-Z0-9]\/.test(t.secret)){for(var s,r,n,a=l.querySelectorAll('iframe[data-secret=\"'+t.secret+'\"]'),o=l.querySelectorAll('blockquote[data-secret=\"'+t.secret+'\"]'),c=new RegExp(\"^https?:$\",\"i\"),i=0;i<o.length;i++)o[i].style.display=\"none\";for(i=0;i<a.length;i++)s=a[i],e.source===s.contentWindow&&(s.removeAttribute(\"style\"),\"height\"===t.message?(1e3<(r=parseInt(t.value,10))?r=1e3:~~r<200&&(r=200),s.height=r):\"link\"===t.message&&(r=new URL(s.getAttribute(\"src\")),n=new URL(t.value),c.test(n.protocol))&&n.host===r.host&&l.activeElement===s&&(d.top.location.href=t.value))}},d.addEventListener(\"message\",d.wp.receiveEmbedMessage,!1),l.addEventListener(\"DOMContentLoaded\",function(){for(var e,t,s=l.querySelectorAll(\"iframe.wp-embedded-content\"),r=0;r<s.length;r++)(t=(e=s[r]).getAttribute(\"data-secret\"))||(t=Math.random().toString(36).substring(2,12),e.src+=\"#?secret=\"+t,e.setAttribute(\"data-secret\",t)),e.contentWindow.postMessage({message:\"ready\",secret:t},\"*\")},!1)))}(window,document);\n\/\/# sourceURL=https:\/\/steuerportal.ch\/wp-includes\/js\/wp-embed.min.js\n\/* ]]> *\/\n<\/script>\n","description":"Thomas Jaussi und Markus Pfirter analysieren die konkreten Auswirkungen des DBA-FL auf die Verrechnungssteuer f\u00fcr kollektive Kapitalanlagen mit Sitz in Liechtenstein in Bezug auf Investitionen in schweizerische Aktien und Obligationen und bieten einen \u00dcberblick der Unterschiede bei der R\u00fcckforderung im Zusammenhang mit inl\u00e4ndischen und ausl\u00e4ndischen kollektiven Kapitalanlagen in Bezug auf schweizerische Anlagen und verschiedene Investoren."}

Thomas Jaussi und Markus Pfirter analysieren die konkreten Auswirkungen des DBA-FL auf die Verrechnungssteuer für kollektive Kapitalanlagen mit Sitz in Liechtenstein in Bezug auf Investitionen in schweizerische Aktien und Obligationen und bieten einen Überblick der Unterschiede bei der Rückforderung im Zusammenhang mit inländischen und ausländischen kollektiven Kapitalanlagen in Bezug auf schweizerische Anlagen und verschiedene Investoren.
